
-2
Let k(r) = 687*r + 11680. What is k(-17)?
1
Let l(g) = 197*g + 17390. Determine l(-89).
-143
Let b(p) = p**3 + 45*p**2 + 401*p + 147. Determine b(-32).
627
Let o(s) = -s**3 + 15*s**2 + 10*s - 275. Calculate o(15).
-125
Let k(r) = -r**2 + 138*r + 21495. Calculate k(231).
12
Let f(u) = -49*u - 3127. Give f(-55).
-432
Let v(b) = 322*b - 17691. Determine v(55).
19
Let o(n) = 762*n + 41164. Give o(-54).
16
Let o(p) = -202636*p + 3039546. Determine o(15).
6
Let b(q) = q**3 - 159*q**2 - 978*q + 2. What is b(-6)?
-70
Let x(s) = -3*s**3 + 13*s**2 - 158*s + 985. Determine x(6).
-143
Let n(l) = 4127*l - 111427. Give n(27).
2
Let h(t) = t**3 - 9*t**2 - 180*t + 1257. Calculate h(6).
69
Let l(s) = 62500*s - 19124994. Calculate l(306).
6
Let r(f) = -3387*f + 433310. What is r(128)?
-226
Let t(x) = 24*x + 4861. Determine t(-211).
-203
Let o(y) = 210*y + 17698. Calculate o(-84).
58
Let o(h) = -3*h**3 + 65*h**2 - 64*h - 289. What is o(20)?
431
Let j(f) = 96960*f + 1745291. Determine j(-18).
11
Let t(z) = 2*z**3 + 76*z**2 - 22*z - 544. What is t(-38)?
292
Let h(k) = -559*k**2 - 329815*k - 2952. Give h(-590).
-2
Let l(f) = -593*f - 345849. What is l(-584)?
463
Let q(y) = -3*y**3 + 6*y**2 + 290*y - 149. Calculate q(-9).
-86
Let s(r) = -1034*r + 11205. Determine s(9).
1899
Let u(i) = -i**3 + 5*i**2 + 158*i - 918. Determine u(6).
-6
Let r(h) = 104269*h - 2711006. Give r(26).
-12
Let v(i) = -i**3 + 30*i**2 + 11*i - 682. What is v(31)?
-1302
Let s(t) = -t**2 + 11484*t + 137979. Give s(-12).
27
Let k(z) = -3518*z + 126920. Calculate k(36).
272
Let f(g) = -3*g**2 - 240*g + 95661. Determine f(-223).
-6
Let b(s) = 7*s**3 + 927*s**2 - 24497*s - 1079. Determine b(-155).
6
Let l(y) = -1875*y + 48749. Determine l(26).
-1
Let n(d) = 2*d**2 + 116*d - 2640. Determine n(-76).
96
Let r(i) = 1158403*i + 9267242. Determine r(-8).
18
Let y(k) = 70*k**3 + 2945*k**2 + 202*k - 325. Determine y(-42).
11
Let k(o) = -o**2 + 725*o - 47587. Calculate k(73).
9
Let i(k) = -2*k**3 - 41*k**2 - 503*k - 6598. Determine i(-17).
-70
Let r(x) = 2206*x - 22004. Give r(10).
56
Let z(r) = -r**3 + 29*r**2 + 446*r + 47. Determine z(-11).
-19
Let v(u) = -u**2 - 274*u - 18147. Give v(-157).
222
Let u(f) = 5284*f + 20312. Give u(-4).
-824
Let m(g) = 2*g**2 - 1667*g + 70965. What is m(45)?
0
Let g(v) = -2*v**2 - 267*v + 9638. Give g(26).
1344
Let x(f) = -32845*f - 131369. Determine x(-4).
11
Let z(h) = -5*h**2 - 51*h + 472. Calculate z(0).
472
Let z(s) = -s**3 - 26*s**2 - 32*s - 504. Give z(-26).
328
Let f(z) = 20124*z + 704365. Determine f(-35).
25
Let o(h) = 29*h**2 - 421*h - 3347. Give o(-8).
1877
Let z(l) = -l**3 + 275*l**2 + 13306*l - 344. Calculate z(-42).
-8
Let g(z) = z**3 + 9*z**2 + 227*z + 3254. Calculate g(-12).
98
Let t(d) = -6*d**3 + 83*d**2 - 1570*d + 25116. Calculate t(15).
-9
Let r(g) = -g**2 + 1117*g + 17415. What is r(-16)?
-713
Let j(g) = -1247*g - 49874. Determine j(-40).
6
Let g(d) = -7*d**3 - 4975*d**2 + 1413*d - 6399. Calculate g(-711).
0
Let n(u) = -844003*u + 11816052. Give n(14).
10
Let p(h) = -118*h**2 - 1037*h + 210. Give p(-9).
-15
Let l(t) = -146*t**2 + 3827*t + 7647. Determine l(-2).
-591
Let y(t) = 72012*t - 71994. Determine y(1).
18
Let v(h) = 204*h - 34367. What is v(166)?
-503
Let w(p) = -45711*p + 3748304. What is w(82)?
2
Let y(f) = f**3 + 3*f**2 - 880*f + 4489. Calculate y(25).
-11
Let l(d) = -5*d**2 - 224*d - 5436. Give l(-27).
-3033
Let p(a) = 4512*a**2 + 18062*a - 31. Give p(-4).
-87
Let l(u) = 22*u**2 - 277*u + 64. Calculate l(5).
-771
Let o(l) = -2*l**3 - l**2 + 12904*l + 38742. Calculate o(-3).
75
Let w(g) = -635*g - 101. Calculate w(-2).
1169
Let p(n) = 43*n**2 - 276*n - 1825. Give p(-4).
-33
Let n(w) = 296*w - 5046. What is n(16)?
-310
Let b(v) = -1680*v**3 + 4*v**2 - 2*v + 4. Determine b(-1).
1690
Let t(h) = -254*h - 2211. What is t(-10)?
329
Let z(n) = -443*n**2 + 96576*n - 485. What is z(218)?
-49
Let p(i) = -1647*i + 599131. Give p(364).
-377
Let a(t) = -t**3 - 60*t**2 - 867*t - 214. Determine a(-26).
-656
Let k(o) = -o**3 + 54*o**2 - 59*o - 282. Calculate k(53).
-600
Let h(y) = 229*y**3 - 234*y**2 + 468*y + 1. Determine h(2).
1833
Let g(m) = m**3 - 3*m**2 + 17*m - 60. Determine g(6).
150
Let m(h) = 224*h + 10532. What is m(-47)?
4
Let q(s) = s**3 - 16*s**2 + 61*s - 19. Give q(8).
-43
Let m(r) = 13*r**3 - 85*r**2 - 119*r - 273. Calculate m(8).
-9
Let r(u) = -145*u - 25349. Give r(-174).
-119
Let t(z) = -z**2 - 4438*z - 2673956. Determine t(-719).
5
Let p(i) = -172*i**2 + 6101*i + 3274. Calculate p(36).
-2
Let w(i) = -i**3 - 56*i**2 - 805*i - 149. Determine w(-26).
501
Let f(b) = -b**2 + 149*b - 3815. Determine f(33).
13
Let c(w) = 11*w**2 - 209. Determine c(-6).
187
Let q(x) = -3*x**3 + 90*x**2 - 234*x - 193. Calculate q(27).
50
Let x(t) = 18858*t + 151126. Determine x(-8).
262
Let g(i) = 57680*i - 5479595. Calculate g(95).
5
Let x(j) = 553*j - 24918. Determine x(45).
-33
Let f(t) = 25615*t - 205102. What is f(8)?
-182
Let p(n) = 268656*n + 537255. Determine p(-2).
-57
Let a(x) = x**3 - 39*x**2 + 63*x + 209. What is a(38)?
1159
Let n(l) = -2*l**3 + 182*l**2 + 187*l - 395. Calculate n(92).
-119
Let n(u) = 7840*u + 3496646. Calculate n(-446).
6
Let v(m) = -3*m**2 + 963*m + 356. Give v(0).
356
Let p(v) = 66*v**2 - 5373*v - 433. What is p(82)?
2765
Let l(i) = i**2 + 35214*i - 246514. What is l(7)?
33
Let k(g) = 12*g**2 - 552*g - 3059. Determine k(51).
1
Let g(i) = 498*i - 95540. What is g(192)?
76
Let s(a) = -a**2 - 594*a - 4626. Give s(-8).
62
Let g(v) = v**2 - 123*v + 2229. What is g(28)?
-431
Let l(s) = -210921*s - 23834072. Give l(-113).
1
Let k(u) = -10*u**2 + 1436*u - 10665. Calculate k(8).
183
Let v(i) = -5*i**3 + 58*i**2 - 96*i + 150. Give v(10).
-10
Let v(j) = -15*j**2 + 87*j - 563. Determine v(11).
-1421
Let d(y) = 751*y - 2261. What is d(6)?
2245
Let o(x) = 5368*x - 42844. Determine o(8).
100
Let j(k) = 93040*k + 2232959. Give j(-24).
-1
Let z(b) = 10759*b**2 + 139853*b - 196. Determine z(-13).
-14
Let k(j) = 71*j**2 + 55*j - 289. Determine k(0).
-289
Let d(o) = o**2 + 431*o + 18984. Determine d(-382).
266
Let w(c) = -2727*c - 24568. What is w(-9)?
-25
Let w(z) = -z**2 + 7448*z + 67153. Calculate w(-9).
40
Let g(a) = -78*a**2 + 30728*a - 404. Give g(394).
-1980
Let v(b) = -17*b**3 + 701*b**2 - 137*b. Calculate v(41).
1107
Let h(v) = 1140354*v + 53596632. Determine h(-47).
-6
Let r(w) = -142*w + 16331. Give r(115).
1
Let l(f) = -2*f**3 - 82*f**2 + 1226*f + 47950. Determine l(-42).
-14
Let a(l) = 18517*l + 129603. Determine a(-7).
-16
Let l(a) = a**3 - 119*a**2 + 236*a - 579. Determine l(117).
-345
Let q(l) = 6495*l + 149445. What is q(-23)?
60
Let s(x) = x**2 + 1764*x - 24656. What is s(14)?
236
Let t(m) = -8*m**3 - 5*m**2 - 344*m - 663. What is t(-2)?
69
Let q(p) = -20*p**2 - 10469*p + 134519. Determine q(-536).
-17
Let a(v) = -31*v**2 + 1929*v - 13689. Determine a(54).
81
Let b(i) = -29*i**2 - 932*i + 3693. What is b(4)?
-499
Let y(r) = 167*r**2 - 58289*r + 2064. Calculate y(349).
-30
Let x(p) = 321239*p + 321350. Calculate x(-1).
111
Let p(l) = 12604*l - 50395. Give p(4).
21
Let i(k) = -236*k - 17264. Calculate i(-73).
-36
Let o(q) = -41*q**3 + 12*q**2 - 28*q - 41. Give o(4).
-2585
Let d(z) = -2*z**3 - 28*z**2 + 339*z + 689. What is d(9)?
14
Let s(u) = 18425*u - 239527. Determine s(13).
-2
Let i(f) = 174*f**2 + 7466*f - 683. Calculate i(-43).
5
Let i(f) = 183*f**2 - 72*f + 71. Calculate i(2).
659
Let j(p) = -p**2 - 5532*p + 239719. Calculate j(43).
-6
Let n(k) = -k**2 + 1491*k - 19236. Determine n(13).
-22
Let z(n) = 2*n**3 + 8*n**2 - 2775*n - 19348. Calculate z(-7).
-217
Let g(j) = -j**3 + 34*j**2 - 192*j - 260. What is g(25)?
565
Let l(i) = -16282*i - 358144. What is l(-22)?
60
Let h(d) = 724*d + 26268. Determine h(-37).
-520
Let v(h) = -500*h + 12752. Give v(24).
752
Let d(h) = -4*h**2 - 336*h + 1782. Calculate d(-89).
2
Let p(s) = 11081*s - 299187. What is p(27)?
0
Let s(y) = -y**3 - 41*y**2 - 13260*y - 573873. Calculate s(-43).
5
Let r(f) = 2676*f - 133605. Calculate r(50).
195
Let c(h) = -9*h**3 - 17*h**2 + 30*h + 53. Determine c(-6).
1205
Let t(v) = 87118*v - 522477. Calculate t(6).
231
Let s(m) = -2*m**2 + 865*m - 21234. Determine s(27).
663
Let f(r) = r**3 + 35*r**2 - 1093*r - 19415. Calculate f(-14).
3
Let j(n) = -n**3 + 138*n**2 - 